{"id":782,"date":"2018-10-19T11:39:06","date_gmt":"2018-10-19T09:39:06","guid":{"rendered":"https:\/\/www.lauriga.com\/?post_type=product&#038;p=782"},"modified":"2021-02-22T13:35:17","modified_gmt":"2021-02-22T12:35:17","slug":"laurinya-2016","status":"publish","type":"product","link":"https:\/\/www.lauriga.com\/en\/les-vins\/laurinya-2016\/","title":{"rendered":"Laurinya 2016 75cl"},"content":{"rendered":"<h4 class=\"p2\">Le Vignoble<\/h4>\n<ul>\n<li class=\"p2\">Sol : Argilo-calcaire, caillouteux (Schistes, gr\u00e8s, galets roul\u00e9s, silex)<\/li>\n<li class=\"p2\">Age des vignes : 30 ans<\/li>\n<li class=\"p2\">Taille : Cordon de Royat<\/li>\n<li class=\"p2\">Vendange : Manuelle<\/li>\n<li class=\"p2\">Rendement moyen : 30hl\/ha<\/li>\n<li class=\"p2\">Densit\u00e9 de plantation : 4400 pieds\/ha<\/li>\n<li class=\"p2\">Altitude : 50 m<\/li>\n<li class=\"p2\">Climat : M\u00e9diterran\u00e9en<\/li>\n<\/ul>\n<h4 class=\"p2\">Vinification<\/h4>\n<p class=\"p2\">La mac\u00e9ration d\u00e9marre dans une atmosph\u00e8re satur\u00e9e en gaz carbonique, la fermentation des raisins est abaiss\u00e9e pour privil\u00e9gier un d\u00e9part progressif en fermentation et renforcer la puissance aromatique du vin. La mac\u00e9ration se poursuit avec des remontages courts et r\u00e9guliers pour favoriser la diffusion de la couleur et des tanins. Apr\u00e8s la fermentation la construction du vin se poursuit gr\u00e2ce \u00e0 une mac\u00e9ration \u00e0 temp\u00e9rature r\u00e9gul\u00e9e et une humidification r\u00e9guli\u00e8re du chapeau de mou.<\/p>\n","protected":false},"excerpt":{"rendered":"<h4 class=\"p2\">Notes de d\u00e9gustation<\/h4>\n<ul>\n<li class=\"p2\">Couleur : Robe grenat vif au rouge profond.<\/li>\n<li class=\"p2\">Nez : Un nez de fruits rouges m\u00fbrs, confitur\u00e9s, autour d\u2019une note de r\u00e9glisse, avec une touche d\u2019\u00e9pices douces.<\/li>\n<li class=\"p2\">Bouche : Une attaque ronde et bien \u00e9quilibr\u00e9e, des tanins enrob\u00e9s, ainsi que quelques notes de torr\u00e9faction en finale.<\/li>\n<li class=\"p2\">Accords mets et vins : Servir id\u00e9alement \u00e0 16\u00b0C, accompagn\u00e9 de fromages, viandes en sauce, de civets ainsi que d\u2019autres gibiers.<\/li>\n<\/ul>\n","protected":false},"featured_media":783,"comment_status":"open","ping_status":"closed","template":"","meta":{"_et_pb_use_builder":"","_et_pb_old_content":"","_et_gb_content_width":""},"product_cat":[50],"product_tag":[],"class_list":{"0":"post-782","1":"product","2":"type-product","3":"status-publish","4":"has-post-thumbnail","6":"product_cat-rouge","8":"first","9":"outofstock","10":"taxable","11":"shipping-taxable","12":"product-type-simple"},"yoast_head":"<!-- This site is optimized with the Yoast SEO plugin v25.3.1 - https:\/\/yoast.com\/wordpress\/plugins\/seo\/ -->\n<title>Laurinya 2016 75cl - Ch\u00e2teau Lauriga<\/title>\n<meta name=\"robots\" content=\"index, follow, max-snippet:-1, max-image-preview:large, max-video-preview:-1\" \/>\n<link rel=\"canonical\" href=\"https:\/\/www.lauriga.com\/les-vins\/laurinya-2016\/\" \/>\n<meta property=\"og:locale\" content=\"en_US\" \/>\n<meta property=\"og:type\" content=\"article\" \/>\n<meta property=\"og:title\" content=\"Laurinya 2016 75cl - Ch\u00e2teau Lauriga\" \/>\n<meta property=\"og:description\" content=\"Notes de d\u00e9gustation   Couleur : Robe grenat vif au rouge profond.  Nez : Un nez de fruits rouges m\u00fbrs, confitur\u00e9s, autour d\u2019une note de r\u00e9glisse, avec une touche d\u2019\u00e9pices douces.  Bouche : Une attaque ronde et bien \u00e9quilibr\u00e9e, des tanins enrob\u00e9s, ainsi que quelques notes de torr\u00e9faction en finale.  Accords mets et vins : Servir id\u00e9alement \u00e0 16\u00b0C, accompagn\u00e9 de fromages, viandes en sauce, de civets ainsi que d\u2019autres gibiers.\" \/>\n<meta property=\"og:url\" content=\"https:\/\/www.lauriga.com\/les-vins\/laurinya-2016\/\" \/>\n<meta property=\"og:site_name\" content=\"Ch\u00e2teau Lauriga\" \/>\n<meta property=\"article:modified_time\" content=\"2021-02-22T12:35:17+00:00\" \/>\n<meta property=\"og:image\" content=\"https:\/\/www.lauriga.com\/wp-content\/uploads\/2018\/10\/laurinya-2016.png\" \/>\n\t<meta property=\"og:image:width\" content=\"900\" \/>\n\t<meta property=\"og:image:height\" content=\"900\" \/>\n\t<meta property=\"og:image:type\" content=\"image\/png\" \/>\n<meta name=\"twitter:card\" content=\"summary_large_image\" \/>\n<meta name=\"twitter:label1\" content=\"Est. reading time\" \/>\n\t<meta name=\"twitter:data1\" content=\"1 minute\" \/>\n<script type=\"application\/ld+json\" class=\"yoast-schema-graph\">{\"@context\":\"https:\/\/schema.org\",\"@graph\":[{\"@type\":\"WebPage\",\"@id\":\"https:\/\/www.lauriga.com\/les-vins\/laurinya-2016\/\",\"url\":\"https:\/\/www.lauriga.com\/les-vins\/laurinya-2016\/\",\"name\":\"Laurinya 2016 75cl - Ch\u00e2teau Lauriga\",\"isPartOf\":{\"@id\":\"https:\/\/www.lauriga.com\/#website\"},\"primaryImageOfPage\":{\"@id\":\"https:\/\/www.lauriga.com\/les-vins\/laurinya-2016\/#primaryimage\"},\"image\":{\"@id\":\"https:\/\/www.lauriga.com\/les-vins\/laurinya-2016\/#primaryimage\"},\"thumbnailUrl\":\"https:\/\/www.lauriga.com\/wp-content\/uploads\/2018\/10\/laurinya-2016.png\",\"datePublished\":\"2018-10-19T09:39:06+00:00\",\"dateModified\":\"2021-02-22T12:35:17+00:00\",\"breadcrumb\":{\"@id\":\"https:\/\/www.lauriga.com\/les-vins\/laurinya-2016\/#breadcrumb\"},\"inLanguage\":\"en-US\",\"potentialAction\":[{\"@type\":\"ReadAction\",\"target\":[\"https:\/\/www.lauriga.com\/les-vins\/laurinya-2016\/\"]}]},{\"@type\":\"ImageObject\",\"inLanguage\":\"en-US\",\"@id\":\"https:\/\/www.lauriga.com\/les-vins\/laurinya-2016\/#primaryimage\",\"url\":\"https:\/\/www.lauriga.com\/wp-content\/uploads\/2018\/10\/laurinya-2016.png\",\"contentUrl\":\"https:\/\/www.lauriga.com\/wp-content\/uploads\/2018\/10\/laurinya-2016.png\",\"width\":900,\"height\":900,\"caption\":\"Gr\u00e2ce \u00e0 une viticulture fond\u00e9e sur le respect de l\u2019\u00e9quilibre de la vigne et de l\u2019environnement, je pense avoir r\u00e9alis\u00e9 en 2016 une cuv\u00e9e qui peut esp\u00e9rer rentrer dans le monde des plus grands vins avec toute la part de r\u00eave que cela implique \u00bb. Jean-Claude Mas\"},{\"@type\":\"BreadcrumbList\",\"@id\":\"https:\/\/www.lauriga.com\/les-vins\/laurinya-2016\/#breadcrumb\",\"itemListElement\":[{\"@type\":\"ListItem\",\"position\":1,\"name\":\"Accueil\",\"item\":\"https:\/\/www.lauriga.com\/\"},{\"@type\":\"ListItem\",\"position\":2,\"name\":\"Boutique des vins du Roussillon\",\"item\":\"https:\/\/www.lauriga.com\/boutique\/\"},{\"@type\":\"ListItem\",\"position\":3,\"name\":\"Laurinya 2016 75cl\"}]},{\"@type\":\"WebSite\",\"@id\":\"https:\/\/www.lauriga.com\/#website\",\"url\":\"https:\/\/www.lauriga.com\/\",\"name\":\"Ch\u00e2teau Lauriga\",\"description\":\"Les vins du Roussillon\",\"potentialAction\":[{\"@type\":\"SearchAction\",\"target\":{\"@type\":\"EntryPoint\",\"urlTemplate\":\"https:\/\/www.lauriga.com\/?s={search_term_string}\"},\"query-input\":{\"@type\":\"PropertyValueSpecification\",\"valueRequired\":true,\"valueName\":\"search_term_string\"}}],\"inLanguage\":\"en-US\"}]}<\/script>\n<!-- \/ Yoast SEO plugin. -->","yoast_head_json":{"title":"Laurinya 2016 75cl - Ch\u00e2teau Lauriga","robots":{"index":"index","follow":"follow","max-snippet":"max-snippet:-1","max-image-preview":"max-image-preview:large","max-video-preview":"max-video-preview:-1"},"canonical":"https:\/\/www.lauriga.com\/les-vins\/laurinya-2016\/","og_locale":"en_US","og_type":"article","og_title":"Laurinya 2016 75cl - Ch\u00e2teau Lauriga","og_description":"Notes de d\u00e9gustation   Couleur : Robe grenat vif au rouge profond.  Nez : Un nez de fruits rouges m\u00fbrs, confitur\u00e9s, autour d\u2019une note de r\u00e9glisse, avec une touche d\u2019\u00e9pices douces.  Bouche : Une attaque ronde et bien \u00e9quilibr\u00e9e, des tanins enrob\u00e9s, ainsi que quelques notes de torr\u00e9faction en finale.  Accords mets et vins : Servir id\u00e9alement \u00e0 16\u00b0C, accompagn\u00e9 de fromages, viandes en sauce, de civets ainsi que d\u2019autres gibiers.","og_url":"https:\/\/www.lauriga.com\/les-vins\/laurinya-2016\/","og_site_name":"Ch\u00e2teau Lauriga","article_modified_time":"2021-02-22T12:35:17+00:00","og_image":[{"width":900,"height":900,"url":"https:\/\/www.lauriga.com\/wp-content\/uploads\/2018\/10\/laurinya-2016.png","type":"image\/png"}],"twitter_card":"summary_large_image","twitter_misc":{"Est. reading time":"1 minute"},"schema":{"@context":"https:\/\/schema.org","@graph":[{"@type":"WebPage","@id":"https:\/\/www.lauriga.com\/les-vins\/laurinya-2016\/","url":"https:\/\/www.lauriga.com\/les-vins\/laurinya-2016\/","name":"Laurinya 2016 75cl - Ch\u00e2teau Lauriga","isPartOf":{"@id":"https:\/\/www.lauriga.com\/#website"},"primaryImageOfPage":{"@id":"https:\/\/www.lauriga.com\/les-vins\/laurinya-2016\/#primaryimage"},"image":{"@id":"https:\/\/www.lauriga.com\/les-vins\/laurinya-2016\/#primaryimage"},"thumbnailUrl":"https:\/\/www.lauriga.com\/wp-content\/uploads\/2018\/10\/laurinya-2016.png","datePublished":"2018-10-19T09:39:06+00:00","dateModified":"2021-02-22T12:35:17+00:00","breadcrumb":{"@id":"https:\/\/www.lauriga.com\/les-vins\/laurinya-2016\/#breadcrumb"},"inLanguage":"en-US","potentialAction":[{"@type":"ReadAction","target":["https:\/\/www.lauriga.com\/les-vins\/laurinya-2016\/"]}]},{"@type":"ImageObject","inLanguage":"en-US","@id":"https:\/\/www.lauriga.com\/les-vins\/laurinya-2016\/#primaryimage","url":"https:\/\/www.lauriga.com\/wp-content\/uploads\/2018\/10\/laurinya-2016.png","contentUrl":"https:\/\/www.lauriga.com\/wp-content\/uploads\/2018\/10\/laurinya-2016.png","width":900,"height":900,"caption":"Gr\u00e2ce \u00e0 une viticulture fond\u00e9e sur le respect de l\u2019\u00e9quilibre de la vigne et de l\u2019environnement, je pense avoir r\u00e9alis\u00e9 en 2016 une cuv\u00e9e qui peut esp\u00e9rer rentrer dans le monde des plus grands vins avec toute la part de r\u00eave que cela implique \u00bb. Jean-Claude Mas"},{"@type":"BreadcrumbList","@id":"https:\/\/www.lauriga.com\/les-vins\/laurinya-2016\/#breadcrumb","itemListElement":[{"@type":"ListItem","position":1,"name":"Accueil","item":"https:\/\/www.lauriga.com\/"},{"@type":"ListItem","position":2,"name":"Boutique des vins du Roussillon","item":"https:\/\/www.lauriga.com\/boutique\/"},{"@type":"ListItem","position":3,"name":"Laurinya 2016 75cl"}]},{"@type":"WebSite","@id":"https:\/\/www.lauriga.com\/#website","url":"https:\/\/www.lauriga.com\/","name":"Ch\u00e2teau Lauriga","description":"Les vins du Roussillon","potentialAction":[{"@type":"SearchAction","target":{"@type":"EntryPoint","urlTemplate":"https:\/\/www.lauriga.com\/?s={search_term_string}"},"query-input":{"@type":"PropertyValueSpecification","valueRequired":true,"valueName":"search_term_string"}}],"inLanguage":"en-US"}]}},"_links":{"self":[{"href":"https:\/\/www.lauriga.com\/en\/wp-json\/wp\/v2\/product\/782"}],"collection":[{"href":"https:\/\/www.lauriga.com\/en\/wp-json\/wp\/v2\/product"}],"about":[{"href":"https:\/\/www.lauriga.com\/en\/wp-json\/wp\/v2\/types\/product"}],"replies":[{"embeddable":true,"href":"https:\/\/www.lauriga.com\/en\/wp-json\/wp\/v2\/comments?post=782"}],"wp:featuredmedia":[{"embeddable":true,"href":"https:\/\/www.lauriga.com\/en\/wp-json\/wp\/v2\/media\/783"}],"wp:attachment":[{"href":"https:\/\/www.lauriga.com\/en\/wp-json\/wp\/v2\/media?parent=782"}],"wp:term":[{"taxonomy":"product_cat","embeddable":true,"href":"https:\/\/www.lauriga.com\/en\/wp-json\/wp\/v2\/product_cat?post=782"},{"taxonomy":"product_tag","embeddable":true,"href":"https:\/\/www.lauriga.com\/en\/wp-json\/wp\/v2\/product_tag?post=782"}],"curies":[{"name":"wp","href":"https:\/\/api.w.org\/{rel}","templated":true}]}}

<h4 class="p2">Le Vignoble</h4>
<ul>
<li class="p2">Sol : Argilo-calcaire, caillouteux (Schistes, grès, galets roulés, silex)</li>
<li class="p2">Age des vignes : 30 ans</li>
<li class="p2">Taille : Cordon de Royat</li>
<li class="p2">Vendange : Manuelle</li>
<li class="p2">Rendement moyen : 30hl/ha</li>
<li class="p2">Densité de plantation : 4400 pieds/ha</li>
<li class="p2">Altitude : 50 m</li>
<li class="p2">Climat : Méditerranéen</li>
</ul>
<h4 class="p2">Vinification</h4>
<p class="p2">La macération démarre dans une atmosphère saturée en gaz carbonique, la fermentation des raisins est abaissée pour privilégier un départ progressif en fermentation et renforcer la puissance aromatique du vin. La macération se poursuit avec des remontages courts et réguliers pour favoriser la diffusion de la couleur et des tanins. Après la fermentation la construction du vin se poursuit grâce à une macération à température régulée et une humidification régulière du chapeau de mou.</p>

<h4 class="p2">Notes de dégustation</h4>
<ul>
<li class="p2">Couleur : Robe grenat vif au rouge profond.</li>
<li class="p2">Nez : Un nez de fruits rouges mûrs, confiturés, autour d’une note de réglisse, avec une touche d’épices douces.</li>
<li class="p2">Bouche : Une attaque ronde et bien équilibrée, des tanins enrobés, ainsi que quelques notes de torréfaction en finale.</li>
<li class="p2">Accords mets et vins : Servir idéalement à 16°C, accompagné de fromages, viandes en sauce, de civets ainsi que d’autres gibiers.</li>
</ul>

<!-- This site is optimized with the Yoast SEO plugin v25.3.1 - https://yoast.com/wordpress/plugins/seo/ -->
<title>Laurinya 2016 75cl - Château Lauriga</title>
<meta name="robots" content="index, follow, max-snippet:-1, max-image-preview:large, max-video-preview:-1" />
<link rel="canonical" href="https://www.lauriga.com/les-vins/laurinya-2016/" />
<meta property="og:locale" content="en_US" />
<meta property="og:type" content="article" />
<meta property="og:title" content="Laurinya 2016 75cl - Château Lauriga" />
<meta property="og:description" content="Notes de dégustation   Couleur : Robe grenat vif au rouge profond.  Nez : Un nez de fruits rouges mûrs, confiturés, autour d’une note de réglisse, avec une touche d’épices douces.  Bouche : Une attaque ronde et bien équilibrée, des tanins enrobés, ainsi que quelques notes de torréfaction en finale.  Accords mets et vins : Servir idéalement à 16°C, accompagné de fromages, viandes en sauce, de civets ainsi que d’autres gibiers." />
<meta property="og:url" content="https://www.lauriga.com/les-vins/laurinya-2016/" />
<meta property="og:site_name" content="Château Lauriga" />
<meta property="article:modified_time" content="2021-02-22T12:35:17+00:00" />
<meta property="og:image" content="https://www.lauriga.com/wp-content/uploads/2018/10/laurinya-2016.png" />
	<meta property="og:image:width" content="900" />
	<meta property="og:image:height" content="900" />
	<meta property="og:image:type" content="image/png" />
<meta name="twitter:card" content="summary_large_image" />
<meta name="twitter:label1" content="Est. reading time" />
	<meta name="twitter:data1" content="1 minute" />
<script type="application/ld+json" class="yoast-schema-graph">{"@context":"https://schema.org","@graph":[{"@type":"WebPage","@id":"https://www.lauriga.com/les-vins/laurinya-2016/","url":"https://www.lauriga.com/les-vins/laurinya-2016/","name":"Laurinya 2016 75cl - Château Lauriga","isPartOf":{"@id":"https://www.lauriga.com/#website"},"primaryImageOfPage":{"@id":"https://www.lauriga.com/les-vins/laurinya-2016/#primaryimage"},"image":{"@id":"https://www.lauriga.com/les-vins/laurinya-2016/#primaryimage"},"thumbnailUrl":"https://www.lauriga.com/wp-content/uploads/2018/10/laurinya-2016.png","datePublished":"2018-10-19T09:39:06+00:00","dateModified":"2021-02-22T12:35:17+00:00","breadcrumb":{"@id":"https://www.lauriga.com/les-vins/laurinya-2016/#breadcrumb"},"inLanguage":"en-US","potentialAction":[{"@type":"ReadAction","target":["https://www.lauriga.com/les-vins/laurinya-2016/"]}]},{"@type":"ImageObject","inLanguage":"en-US","@id":"https://www.lauriga.com/les-vins/laurinya-2016/#primaryimage","url":"https://www.lauriga.com/wp-content/uploads/2018/10/laurinya-2016.png","contentUrl":"https://www.lauriga.com/wp-content/uploads/2018/10/laurinya-2016.png","width":900,"height":900,"caption":"Grâce à une viticulture fondée sur le respect de l’équilibre de la vigne et de l’environnement, je pense avoir réalisé en 2016 une cuvée qui peut espérer rentrer dans le monde des plus grands vins avec toute la part de rêve que cela implique ». Jean-Claude Mas"},{"@type":"BreadcrumbList","@id":"https://www.lauriga.com/les-vins/laurinya-2016/#breadcrumb","itemListElement":[{"@type":"ListItem","position":1,"name":"Accueil","item":"https://www.lauriga.com/"},{"@type":"ListItem","position":2,"name":"Boutique des vins du Roussillon","item":"https://www.lauriga.com/boutique/"},{"@type":"ListItem","position":3,"name":"Laurinya 2016 75cl"}]},{"@type":"WebSite","@id":"https://www.lauriga.com/#website","url":"https://www.lauriga.com/","name":"Château Lauriga","description":"Les vins du Roussillon","potentialAction":[{"@type":"SearchAction","target":{"@type":"EntryPoint","urlTemplate":"https://www.lauriga.com/?s={search_term_string}"},"query-input":{"@type":"PropertyValueSpecification","valueRequired":true,"valueName":"search_term_string"}}],"inLanguage":"en-US"}]}</script>
<!-- / Yoast SEO plugin. -->

Laurinya 2016 75cl - Château Lauriga

Notes de dégustation   Couleur : Robe grenat vif au rouge profond.  Nez : Un nez de fruits rouges mûrs, confiturés, autour d’une note de réglisse, avec une touche d’épices douces.  Bouche : Une attaque ronde et bien équilibrée, des tanins enrobés, ainsi que quelques notes de torréfaction en finale.  Accords mets et vins : Servir idéalement à 16°C, accompagné de fromages, viandes en sauce, de civets ainsi que d’autres gibiers.

Château Lauriga

Grâce à une viticulture fondée sur le respect de l’équilibre de la vigne et de l’environnement, je pense avoir réalisé en 2016 une cuvée qui peut espérer rentrer dans le monde des plus grands vins avec toute la part de rêve que cela implique ». Jean-Claude Mas
